{"version":"1.0","provider_name":"Inem","provider_url":"https:\/\/inemproject.com\/de\/","author_name":"annainem","author_url":"https:\/\/inemproject.com\/de\/author\/annainem\/","title":"Forum Der Kulturen \u2013 Stuttgart - Inem","type":"rich","width":600,"height":338,"html":"<blockquote class=\"wp-embedded-content\" data-secret=\"p5FdLKsvTZ\"><a href=\"https:\/\/inemproject.com\/de\/forum-der-kulturen-stuttgart\/\">Forum Der Kulturen \u2013 Stuttgart<\/a><\/blockquote><iframe sandbox=\"allow-scripts\" security=\"restricted\" src=\"https:\/\/inemproject.com\/de\/forum-der-kulturen-stuttgart\/embed\/#?secret=p5FdLKsvTZ\" width=\"600\" height=\"338\" title=\"&#8222;Forum Der Kulturen \u2013 Stuttgart&#8220; &#8211; Inem\" data-secret=\"p5FdLKsvTZ\" frameborder=\"0\" marginwidth=\"0\" marginheight=\"0\" scrolling=\"no\" class=\"wp-embedded-content\"><\/iframe><script type=\"text\/javascript\">\n\/* <![CDATA[ *\/\n\/*! This file is auto-generated *\/\n!function(d,l){\"use strict\";l.querySelector&&d.addEventListener&&\"undefined\"!=typeof URL&&(d.wp=d.wp||{},d.wp.receiveEmbedMessage||(d.wp.receiveEmbedMessage=function(e){var t=e.data;if((t||t.secret||t.message||t.value)&&!\/[^a-zA-Z0-9]\/.test(t.secret)){for(var s,r,n,a=l.querySelectorAll('iframe[data-secret=\"'+t.secret+'\"]'),o=l.querySelectorAll('blockquote[data-secret=\"'+t.secret+'\"]'),c=new RegExp(\"^https?:$\",\"i\"),i=0;i<o.length;i++)o[i].style.display=\"none\";for(i=0;i<a.length;i++)s=a[i],e.source===s.contentWindow&&(s.removeAttribute(\"style\"),\"height\"===t.message?(1e3<(r=parseInt(t.value,10))?r=1e3:~~r<200&&(r=200),s.height=r):\"link\"===t.message&&(r=new URL(s.getAttribute(\"src\")),n=new URL(t.value),c.test(n.protocol))&&n.host===r.host&&l.activeElement===s&&(d.top.location.href=t.value))}},d.addEventListener(\"message\",d.wp.receiveEmbedMessage,!1),l.addEventListener(\"DOMContentLoaded\",function(){for(var e,t,s=l.querySelectorAll(\"iframe.wp-embedded-content\"),r=0;r<s.length;r++)(t=(e=s[r]).getAttribute(\"data-secret\"))||(t=Math.random().toString(36).substring(2,12),e.src+=\"#?secret=\"+t,e.setAttribute(\"data-secret\",t)),e.contentWindow.postMessage({message:\"ready\",secret:t},\"*\")},!1)))}(window,document);\n\/* ]]> *\/\n<\/script>\n","thumbnail_url":"https:\/\/inemproject.com\/wp-content\/uploads\/2019\/12\/integrazione-1.jpg","thumbnail_width":1024,"thumbnail_height":768,"description":"Das Forum der Kulturen ist eine Schirmorganisation f\u00fcr Migrantenorganisationen in Deutschland und wurde 1998 auf Initiative der Organisationen selbst gegr\u00fcndet. Das Hauptziel des Forums der Kulturen ist es, kulturelle Aktivit\u00e4ten von Migrantenorganisationen zu f\u00f6rdern und sie besser in das \u00f6ffentliche Leben zu integrieren. Dadurch soll ihrem Potential und ihren kulturellen Bed\u00fcrfnissen mehr Aufmerksamkeit gewidmet und"}

Das Forum der Kulturen ist eine Schirmorganisation für Migrantenorganisationen in Deutschland und wurde 1998 auf Initiative der Organisationen selbst gegründet. Das Hauptziel des Forums der Kulturen ist es, kulturelle Aktivitäten von Migrantenorganisationen zu fördern und sie besser in das öffentliche Leben zu integrieren. Dadurch soll ihrem Potential und ihren kulturellen Bedürfnissen mehr Aufmerksamkeit gewidmet und
